(0 + -13 + 1))
27
Evaluate (-98 - -142) + 6 + 4.
54
Calculate 7322 + -7443 - (-4 + (2 + -3 - -2)).
-118
What is (-4 + 1 - (-99 + 91) - 13) + 4 + -12?
-16
Evaluate (-18 - -44) + 16 - 93.
-51
What is the value of -53 + -86 + (53 - -55)?
-31
Evaluate -18 + -6 + 6 + 16 + -2.
-4
-55 - (11 + 17 - (-1 + 13))
-71
What is 144 + -153 - (-4 + 5 - (9 + 9))?
8
What is -2 - 13 - ((-10 - -1) + (-142 - -57) + 80)?
-1
What is the value of -99 - (5 - (22 - (22 - (-11 - -26))))?
-89
Evaluate (2 - 10) + 127 - (13 + 11 + (10 - 46)).
131
What is -22408 - -22408 - ((-30 - 0) + 0)?
30
63 + 29 + -61 - 69
-38
Evaluate (43 + 13 + -37 - (-6 + 8)) + -63.
-46
Evaluate -15 - (2 + (142 - 124) + 3 + -94).
56
(52 + -44 - -26) + -20
14
What is the value of (104 - (4 - (-3 + 6))) + (-56 - (-157 - -102))?
102
14 + (2 - (-23 - (-14 + -5)))
20
24 - (-6 + -18 + 9 - (-11 - (-9 - -8)))
29
Evaluate 14 + -29 + (-4 - -23) + (10 - -10).
24
Calculate -117 + (127 - 150) + 165.
25
What is (31 - 15) + (13 - 35)?
-6
Calculate 11 + -17 + (4 - (-1 + 1)) + -3.
-5
Calculate 4 + -36 + (0 - 20) + 30.
-22
What is 155 + 24 - 69 - 142?
-32
Calculate -6 + -3 - ((3 - 0) + (55 + -42 - -1)).
-26
Calculate 2 - (4 + -30 + -8 + 3 + 5).
28
Evaluate 9 - 1 - (-9 + 5 - -3) - (-77 - -65).
21
Calculate -6 + -97 - (51 + -57 + -10).
-87
Calculate (51 - 20 - 27 - -36) + -37.
3
Calculate 39 - 47 - ((-2 - (-26 - 2)) + 9).
-43
What is (-1 - -44) + (-2473 + 2471 - (1 + 2 + 4))?
34
(4 - 5) + (-8 + 2 - (26 - 48))
15
Calculate (-27 - -178) + -710 + 628.
69
What is the value of 8 + (-18 - (30 - 13))?
-27
2 + 12 + -6 + -7 + (17 - 14)
4
Evaluate (3 + -7 + -6 + 5 - (-3 - 2)) + 8.
8
What is 17 + (6 + 9 + -13 - -14) + -4?
29
51 + -25 + 1 + 21
48
What is the value of -3 - 4 - (-109 - (14 + -38))?
78
(-6 - (-28 + 1)) + 349 + -344
26
Calculate -84 + 0 - (108 - (-20 + 145)).
-67
Calculate 8 - -2 - 5 - -39 - (204 - 202).
42
What is the value of -62 + (104 - 71) + -57?
-86
What is (-48 - -13) + (4 - (11 + -16))?
-26
What is the value of -62 + (7 - (-21 - (-37 + (13 - 4))))?
-62
Calculate -5 + 2 + (-11 - -23) + 33 + 4.
46
Calculate -32 + -36 + 116 + (-25 - -3).
26
What is the value of 66 + -43 + -92 + 4?
-65
16 + (-12 - (5 + -10 + 32)) - 10
-33
Calculate (-1993 - -2019) + -1 + 9 - 140.
-106
What is the value of 23 - ((47 - 134) + 193)?
-83
What is the value of -13 - -16 - (-18 - (-11 - -1) - 4)?
15
Calculate -1 - 11 - -7 - (-10 + -15 + -15).
35
-74 + (20 + -3 - (81 - 51) - -12)
-75
What is (4 - -53) + (-4 - -6 - -2) + -6?
55
Calculate -43 + 56 + -184 + 88.
-83
Evaluate (41 - 13 - 0 - (0 - -17)) + -32.
-21
Evaluate 32 + (-60 - (-36 + 38)).
-30
Evaluate -9 + (1 - -6) - 119 - (4 + 23 + -17).
-131
-12 + (-1 + 7 - (32 - (3 + -12 + 41)))
-6
Calculate (0 - 19) + -13 - (18 - (-3 - -9)).
-44
Calculate -6668 - -6712 - (146 - -1).
-103
What is 5 - -13 - -14 - 44 - (-10 - 0)?
-2
What is the value of -2 + 13 + -1 + 1 - ((226 - -261) + -451)?
-25
What is the value of 18 - (-2 - -5) - ((33 + -19 - 3) + 0)?
4
What is the value of -83 - (-13 + 27 + -41 + 3)?
-59
What is the value of -9 - (-16 + 77 + -1 - -19)?
-88
What is the value of 45 + (45 - 51) + -11?
28
382 + (121 - 500) + (-1 - -1) + 109
112
What is the value of 35 + 0 + (42 - (-24 + 114) - -43)?
30
What is the value of -7 + 12 - (-2 - 1) - (-4 + -34)?
46
Evaluate -229 - -235 - (-41 + (7 - 4 - 8)).
52
Evaluate 16 + (-6 - -11) + 7 + 15.
43
Calculate (-33 + 18 - -22) + 21 + 0 + -12 + 6.
22
What is the value of -3 - (0 + -2) - (-29 + 88 + -33 - -27)?
-54
Calculate (-90 - (-34 - -36)) + 178.
86
What is -71 - (-17 - (7 + -2))?
-49
What is 38 + (-19 + -58 - 15) + (0 + -1 - 3)?
-58
What is the value of -11 - (16 - (58 - 17) - (4 + -15 + 2))?
5
(25 - 3) + 4 - -58 - (-3 + (17 - 0))
70
What is -35 - (44 + -5) - -127?
53
52 + -50 - (3 - (-4 + (52 - 3)))
44
Evaluate 19 + -31 + -30 - (10 - 14).
-38
-69 + 15 - 17 - -55
-16
What is -35 - (-2 - -23 - -1 - 34)?
-23
What is the value of -126 + (89 + 90 - 80)?
-27
(59 - 4) + -9 + 0 + 1
47
-3 + (-1 + 4 - (-13 + (-10 - -27)))
-4
-17 - (38 + -73 + -4 + 10)
12
Calculate 7 + (30 - 37) + (-49 - (-11 + 7)).
-45
Evaluate -6 - 5 - -5 - (-2 - -2) - -4 - 10.
-12
(-161 - -88) + (-28 - 3)
-104
What is (-11 + 23 - -32) + 4 + 3 + -4 + -14?
33
What is -2 + 76 + (-35 - -72) + 2 + -32?
81
-27 - (2 + -7) - (-46 + 47)
-23
Evaluate -2 + -59 + (72 - (-48 + 105)).
-46
What is the value of 0 + -20 + -114 + 160 + -12?
14
Calculate -10 + -118 + -23 + 31 - (-8 + -4).
-108
What is -10 + (-4 - -2) - (17 - (-121 - -76))?
-74
What is -169 + (-153 + 135 - -134)?
-53
Calculate 4180 + -4123 + -4 + 0 + 24.
77
39 + (-51 - (-35 - 16))
39
What is the value of (-3 - -37) + (43 - 56) + 19?
40
What is the value of 18 - (7 + -25) - (6 - -131)?
-101
Calculate 733 + -798 + 2 + 40 + 18.
-5
Calculate -80 + 27 + 36 + 111.
94
What is the value of 3 + -56 - (-10 + -38 + 59) - 13?
-77
What is (-12 - 0) + -51 + 27 + 33 + -16?
-19
What is the value of -25 + (143 - (16 + 8)) + (-2 - (1 - 1))?
92
Calculate (-26 - -48 - 34) + (13 - -3).
4
What is the value of (-19 - (-5 + 5)) + -1 + (-9 - -70)?
41
What is the value of 35 - (16 + (-9 - (-6 - -5)))?
27
What is (13 - (27 + -9)) + 10 + -10 + 1 + 38?
34
What is the value of -39 + 15 + -6 + 92?
62
(0 + -8 - -24 - 7 - -15) + 19 + -8
35
What is the value of 3 + 3 + 7 + -12 - (-66 + -11 + -39)?
117
Evaluate (-131 - (28 + -81)) + 65.
-13
0 + 0 + 14 + -172 + (22 - 28) + 42
-122
What is 1 + (19 - 12) - (4 + -24 + (-6 - 0))?
34
Calculate 25 + (-3 - -4 - 4) + (-10 - -3).
15
Evaluate 2675 + -2731 + (-1 - -1 - -6).
-50
Calculate (6 - 49) + 62 - (2 + -5 + 4 + -7).
25
Calculate (248 - 259 - ((2 - 2) + -18)) + 144.
151
56 - (-8 + 18 + 5 - 7 - 4)
52
What is the value of -76 - (16 + -55) - (12 + -106)?
57
Evaluate 9 - (-5 + 0 + 16 - (-15 + 26)).
9
Calculate 8 + -5 + 2 + -2 + 6 + (441 - 424).
26
-14 - (0 - 1) - (193 + -292 + 100)
-14
What is -9 + (-98 - -98) - 18?
-27
-49 - (2 - 4) - (-94 - (98 + -170))
-25
31 + (-60 - 30) + (-35 - 0)
-94
What is (-87 - (7 + -28)) + (3 - 2) + 12?
-53
-20 + (-16 + -1 - (-54 + (7 - -33)))
-23
What is the value of -1 + 19 + (-85 - -29 - -40) + -26?
-24
What is the value of (6 - -7) + -11 - (-2 - ((-105 - 3) + 2))?
-102
What is -1 + 19 + -9 + (6 + (-2 - 2) - 42)?
-31
What is the value of -6 - (2 + -12 + 52)?
-48
What is the value of 5 + 5 + -13 + -6 + 18 + -40 + -19?
-50
What is the value of 95 + -91 - (-6 + 9 - 17 - 3)?
21
What is 2 + -3 - ((-10 - -6) + 57) - (-19 + 11)?
-46
Evaluate -39 + 1 - (395 - 408).
-25
Calculate 58 - (-68 - -78 - -40).
8
Evaluate -29193 + 29248 + 0 + -2 + (15 - 0).
68
Calculate 104 - (-56 - -66) - 74.
20
What is -1 - 3 - (2 - -5 - (-13 + 19 + 56))?
51
What is the value of 4 + 3 + -10 + 6 - 56?
-53
Calculate 60 + 0 + -2058 + 1976.
-22
Calculate 1 + 4 - (0 + 7 + -3 + (-198 - -193)).
6
What is the value of -69 - 52 - (-43 + -60)?
-18
Calculate 11 + -24 - (109 + -73).
-49
Evaluate -43 + (84 - (-104 + 67)).
78
What is 6 + (-15 - (-8 + -2) - -18)?
19
Evaluate 1 - 3 - 0 - (6 - -20 - (58 + 29)).
59
What is the value of (46 - (1 + 54)) + 1 + 15?
7
Evaluate 8 + -5 + -25 + (-61 - -51).
-32
(-7 + 0 - 52) + 42 + -20
-37
What is the value of -70 + (1 - (-2 + -1)) + -5 + (-5 - -6)?
-70
What is -1 + (-6 - 1) + -9157 + 9234?
69
Calculate (-9 - -5) + -13 - (-198 + 53 + 23).
105
-2 + 11 - 13 - (-43 + 78 + -126)
87
What is -6 - (21 - (64 - 33))?
4
Evaluate -26 - ((-16 - 5 - -27) + -30).
-2
Calculate 83 + 4 + (21 - -1) + -45.
64
48 + -31 - (-42 + 76 + 10 + 5)
-32
What is (-94 - (0 - 2)) + 12 + -58 + 59 + -10?
-89
Evaluate 24 - (13 + -40 + 15 + 9).
27
What is the value of -10 + 8 + 55 + (23 + -22 - -4)?
58
Calculate 0 + -19 + (-46 - (-29 + 14 - 75)).
25
What is 22 - (-18 - (-67 - (-7 - -22)))?
-42
What is the value of -23 - ((21 - 22) + 10 + -62)?
30
What is the value of 21 + -17 - 12 - (-218 + 113)?
97
Evaluate -5 + (82 - 3) + 5 + -1 + -15 + 11.
74
What is the value of -857 - -845 - (68 + 4)?
-84
(0 + 1 - (-27 + -8)) + -8
28
Evaluate 128 + -118 - (17 - 0 - 2) - 32.
-37
-7 + 1 + (40 - -22) + -29
27
34 + -43 + (13 - (-1 + -5))
10
Calculate -1 + 3 + -6 + 27 + 7 + 11 + -14.
27
Calculate -29 + -47 + 199 + -74.
49
Evaluate -164 + 140 + 72 + -28 + -1.
19
Evaluate 47 - (-36 - (-87 - 26)).
-30
Calculate -144 + 98 - (5 - 4).
-47
What is 2 + 1 + (0 - 6) - (-3352 